.
0
Calculate the remainder when 1709180 is divided by 44974.
168
What is the remainder when 148111 is divided by 73979?
153
What is the remainder when 6122394 is divided by 405?
9
What is the remainder when 155995939 is divided by 8015?
8009
Calculate the remainder when 5372949 is divided by 45.
39
What is the remainder when 360972 is divided by 1114?
36
Calculate the remainder when 1369236 is divided by 324.
12
What is the remainder when 90129 is divided by 476?
165
What is the remainder when 64155 is divided by 7976?
347
Calculate the remainder when 208570 is divided by 505.
5
What is the remainder when 15020457 is divided by 1470?
1467
Calculate the remainder when 2559481 is divided by 377.
28
What is the remainder when 549313410 is divided by 562?
560
What is the remainder when 3005958 is divided by 140?
18
Calculate the remainder when 784221 is divided by 21.
18
Calculate the remainder when 388625 is divided by 878.
549
Calculate the remainder when 159022 is divided by 947.
873
Calculate the remainder when 3802591 is divided by 3802571.
20
What is the remainder when 131199 is divided by 5454?
303
What is the remainder when 1588901 is divided by 459?
302
What is the remainder when 5451220 is divided by 1244?
12
Calculate the remainder when 62963 is divided by 8987.
54
Calculate the remainder when 12032952 is divided by 11.
8
What is the remainder when 13324658 is divided by 2001?
2000
What is the remainder when 107307 is divided by 314?
233
What is the remainder when 17643 is divided by 1740?
243
Calculate the remainder when 29736 is divided by 1394.
462
Calculate the remainder when 5371077 is divided by 107421.
27
What is the remainder when 23086192 is divided by 2897?
2896
Calculate the remainder when 3387089 is divided by 57.
35
Calculate the remainder when 2294837 is divided by 71.
46
Calculate the remainder when 411307 is divided by 137102.
1
Calculate the remainder when 561695 is divided by 6484.
4071
Calculate the remainder when 620840 is divided by 1454.
1436
Calculate the remainder when 147201 is divided by 85.
66
Calculate the remainder when 198716 is divided by 24837.
20
Calculate the remainder when 109228 is divided by 2099.
80
Calculate the remainder when 54015440 is divided by 1389.
8
Calculate the remainder when 29555177 is divided by 217.
211
What is the remainder when 3617725 is divided by 1808851?
23
Calculate the remainder when 635719 is divided by 74.
59
What is the remainder when 1740953 is divided by 1740910?
43
What is the remainder when 324851 is divided by 5905?
76
What is the remainder when 29761653 is divided by 87?
84
What is the remainder when 8270009 is divided by 122?
117
What is the remainder when 91262 is divided by 14856?
2126
What is the remainder when 35240734 is divided by 1810?
34
What is the remainder when 90526 is divided by 9767?
2623
What is the remainder when 22076 is divided by 2990?
1146
What is the remainder when 232055 is divided by 1565?
435
Calculate the remainder when 518298 is divided by 1561.
46
What is the remainder when 3070434 is divided by 18837?
3
What is the remainder when 120120763 is divided by 205?
193
Calculate the remainder when 36602 is divided by 104.
98
What is the remainder when 109059 is divided by 367?
60
What is the remainder when 353011 is divided by 333?
31
What is the remainder when 101562 is divided by 2589?
591
Calculate the remainder when 1244573770 is divided by 636.
634
Calculate the remainder when 92410 is divided by 303.
298
What is the remainder when 22748 is divided by 19289?
3459
Calculate the remainder when 18249720 is divided by 9510.
30
What is the remainder when 153812 is divided by 463?
96
What is the remainder when 20782578 is divided by 665?
663
Calculate the remainder when 710401 is divided by 1098.
1093
Calculate the remainder when 33151153 is divided by 1199.
2
Calculate the remainder when 1371384997 is divided by 81.
79
What is the remainder when 122511 is divided by 1271?
495
Calculate the remainder when 66763 is divided by 483.
109
What is the remainder when 3415394 is divided by 50?
44
Calculate the remainder when 160066 is divided by 672.
130
Calculate the remainder when 110796 is divided by 5821.
197
Calculate the remainder when 3951845 is divided by 11193.
716
Calculate the remainder when 463263252 is divided by 9052.
9048
Calculate the remainder when 1347469 is divided by 449144.
37
What is the remainder when 2341 is divided by 134?
63
Calculate the remainder when 10311399 is divided by 2365.
2364
Calculate the remainder when 14293 is divided by 3737.
3082
Calculate the remainder when 463127 is divided by 5458.
4655
Calculate the remainder when 1066020 is divided by 355115.
675
What is the remainder when 51745710 is divided by 992?
14
What is the remainder when 339067 is divided by 67805?
42
Calculate the remainder when 52439 is divided by 2354.
651
What is the remainder when 345055 is divided by 38007?
2992
Calculate the remainder when 5338650 is divided by 4066.
4058
Calculate the remainder when 832292 is divided by 668.
632
Calculate the remainder when 865196 is divided by 432538.
120
What is the remainder when 126897940 is divided by 2206?
2202
Calculate the remainder when 42383 is divided by 3360.
2063
Calculate the remainder when 18984208 is divided by 8637.
82
What is the remainder when 732658 is divided by 116?
2
Calculate the remainder when 648017 is divided by 33.
29
What is the remainder when 4323686 is divided by 34?
8
What is the remainder when 24054136 is divided by 8390?
6
Calculate the remainder when 1557658 is divided by 72.
10
Calculate the remainder when 55600406 is divided by 11.
4
Calculate the remainder when 432231 is divided by 77.
30
Calculate the remainder when 1283196 is divided by 337.
237
What is the remainder when 8114718 is divided by 51355?
628
Calculate the remainder when 922881 is divided by 10857.
36
Calculate the remainder when 59356 is divided by 2137.
1657
What is the remainder when 22174 is divided by 304?
286
What is the remainder when 32627872 is divided by 12622?
2
What is the remainder when 47424392 is divided by 11856094?
16
What is the remainder when 305312 is divided by 76327?
4
Calculate the remainder when 3332428 is divided by 1822.
1812
Calculate the remainder when 3112315 is divided by 64.
59
Calculate the remainder when 87942 is divided by 27566.
5244
What is the remainder when 416618 is divided by 13019?
10
Calculate the remainder when 8487329 is divided by 15021.
464
Calculate the remainder when 1111755 is divided by 123525.
30
Calculate the remainder when 68184 is divided by 3783.
90
Calculate the remainder when 3800912 is divided by 377.
375
What is the remainder when 21138 is divided by 2330?
168
What is the remainder when 3071474 is divided by 2884?
14
Calculate the remainder when 47449 is divided by 23457.
535
What is the remainder when 1103901 is divided by 16?
13
What is the remainder when 68692505 is divided by 940993?
16
Calculate the remainder when 670458 is divided by 128.
122
Calculate the remainder when 84202872 is divided by 17.
2
Calculate the remainder when 504345 is divided by 22.
17
Calculate the remainder when 255837659 is divided by 1235.
1234
What is the remainder when 7335 is divided by 137?
74
Calculate the remainder when 2443626 is divided by 814538.
12
Calculate the remainder when 81169043 is divided by 44.
43
Calculate the remainder when 943975 is divided by 10749.
8812
What is the remainder when 26535007 is divided by 37?
13
What is the remainder when 136707 is divided by 9760?
67
Calculate the remainder when 1068102 is divided by 11240.
302
Calculate the remainder when 195017 is divided by 1250.
17
Calculate the remainder when 466658 is divided by 271.
267
Calculate the remainder when 289328 is divided by 288423.
905
What is the remainder when 55856 is divided by 887?
862
What is the remainder when 142942575 is divided by 9802?
9
Calculate the remainder when 27953955 is divided by 479.
473
What is the remainder when 87682554 is divided by 224?
218
What is the remainder when 11135541 is divided by 23199?
21
What is the remainder when 3108385 is divided by 67570?
165
Calculate the remainder when 1741568 is divided by 61.
18
What is the remainder when 28995 i